 divide 1311975?
True
Is 104545 a multiple of 90?
False
Is 6488424 a multiple of 372?
True
Is 4 a factor of 32077?
False
Is 103 a factor of 447020?
True
Is 22 a factor of 140794?
False
Is 385 a factor of 346500?
True
Is 13 a factor of 330740?
False
Is 7 a factor of 2048355?
False
Is 19667 a multiple of 71?
True
Is 108 a factor of 7347435?
False
Is 241 a factor of 473806?
True
Is 10 a factor of 1627240?
True
Does 21 divide 745668?
True
Does 352 divide 2097461?
False
Is 380191 a multiple of 67?
False
Does 294 divide 10693956?
True
Is 7 a factor of 21048?
False
Does 4 divide 9499?
False
Is 21 a factor of 19842963?
True
Is 7 a factor of 354606?
True
Does 120 divide 247680?
True
Does 18 divide 12594989?
False
Is 26 a factor of 420495?
False
Does 17 divide 320824?
True
Is 681 a factor of 4684050?
False
Is 251750 a multiple of 19?
True
Does 70 divide 826813?
False
Is 146574 a multiple of 27?
False
Does 150 divide 129600?
True
Is 608 a factor of 8253600?
True
Is 19972 a multiple of 8?
False
Does 315 divide 217665?
True
Does 35 divide 1026293?
False
Is 327825 a multiple of 235?
True
Is 17 a factor of 3968?
False
Is 3 a factor of 32409?
True
Does 389 divide 1561781?
False
Does 140 divide 11656?
False
Does 2 divide 417189?
False
Is 21210 a multiple of 36?
False
Is 1656216 a multiple of 241?
False
Does 103 divide 191683?
True
Is 330 a factor of 1999800?
True
Does 20 divide 514816?
False
Is 15549600 a multiple of 1760?
True
Is 962185 a multiple of 2?
False
Does 38 divide 20482?
True
Is 511 a factor of 632107?
True
Is 2132317 a multiple of 23?
False
Is 7639887 a multiple of 55?
False
Is 76 a factor of 5886200?
True
Is 376523 a multiple of 28?
False
Does 586 divide 5952588?
True
Is 284931 a multiple of 64?
False
Is 244 a factor of 143960?
True
Is 366445 a multiple of 67?
False
Does 301 divide 109339?
False
Does 150 divide 270900?
True
Is 76173 a multiple of 302?
False
Is 176175 a multiple of 9?
True
Is 9 a factor of 783846?
True
Is 24300 a multiple of 27?
True
Is 5 a factor of 10855?
True
Does 42 divide 50351?
False
Is 64 a factor of 89493?
False
Is 66 a factor of 930006?
True
Does 56 divide 233352?
True
Is 21 a factor of 213514?
False
Is 347355 a multiple of 249?
True
Does 3 divide 1259921?
False
Does 3 divide 3882?
True
Does 501 divide 173791?
False
Is 82780 a multiple of 33?
False
Is 2740 a multiple of 32?
False
Does 132 divide 355872?
True
Is 169 a factor of 803426?
True
Does 28 divide 8050933?
False
Is 40 a factor of 38800?
True
Does 520 divide 10004315?
False
Is 13 a factor of 1923218?
False
Is 141 a factor of 1149032?
False
Is 9233214 a multiple of 76?
False
Is 12 a factor of 4658484?
True
Is 54 a factor of 17158795?
False
Does 2 divide 59790?
True
Does 321 divide 119067?
False
Is 1855040 a multiple of 68?
True
Is 439104 a multiple of 12?
True
Does 133 divide 1908683?
True
Is 419 a factor of 3238692?
False
Does 83 divide 328846?
True
Is 10979835 a multiple of 215?
True
Is 1768380 a multiple of 30?
True
Is 1425778 a multiple of 340?
False
Does 19 divide 2008508?
False
Is 1508429 a multiple of 247?
True
Is 18 a factor of 399744?
True
Is 327148 a multiple of 17?
True
Is 112826 a multiple of 17?
False
Is 23 a factor of 51198?
True
Is 79 a factor of 36972?
True
Does 4 divide 648555?
False
Does 2 divide 14245?
False
Is 81 a factor of 215703?
True
Does 568 divide 4909447?
False
Is 7 a factor of 592764?
False
Is 237348 a multiple of 9?
True
Does 29 divide 5506752?
True
Is 6773196 a multiple of 114?
True
Is 233757 a multiple of 233?
False
Is 505344 a multiple of 8?
True
Does 8 divide 277560?
True
Is 61 a factor of 9207035?
True
Does 381 divide 148590?
True
Does 142 divide 126522?
True
Does 47 divide 632738?
False
Is 13 a factor of 236821?
True
Is 5 a factor of 23021?
False
Is 964866 a multiple of 26?
False
Is 91 a factor of 5878316?
False
Is 240456 a multiple of 86?
True
Is 5389102 a multiple of 34?
True
Is 31 a factor of 643259?
False
Is 163 a factor of 145233?
True
Is 14262520 a multiple of 10?
True
Is 121104 a multiple of 18?
True
Is 15 a factor of 6356610?
True
Does 4 divide 35028?
True
Is 10896947 a multiple of 59?
False
Does 13 divide 153231?
True
Does 17 divide 116410?
False
Does 4 divide 5828?
True
Is 580447 a multiple of 821?
True
Is 6 a factor of 744?
True
Is 26986117 a multiple of 1230?
False
Is 8 a factor of 202316?
False
Is 164286 a multiple of 65?
False
Does 603 divide 34616?
False
Does 82 divide 26430?
False
Does 60 divide 886620?
True
Does 25 divide 73125?
True
Does 407 divide 9272762?
False
Does 170 divide 13752809?
False
Is 12 a factor of 63391?
False
Is 4 a factor of 362915?
False
Does 6 divide 126837?
False
Is 603766 a multiple of 398?
True
Is 28353 a multiple of 39?
True
Is 54918 a multiple of 18?
True
Is 108284 a multiple of 44?
True
Is 5723322 a multiple of 23?
False
Is 2073035 a multiple of 63?
False
Is 16 a factor of 13669346?
False
Is 725985 a multiple of 73?
True
Is 237574 a multiple of 37?
False
Is 223 a factor of 338031?
False
Is 97 a factor of 11539896?
True
Is 60 a factor of 5701000?
False
Does 11 divide 10858174?
False
Is 136981 a multiple of 41?
True
Is 22 a factor of 2456234?
True
Does 18 divide 18275?
False
Is 1574454 a multiple of 34?
False
Is 602937 a multiple of 16?
False
Is 167029 a multiple of 19?
True
Is 1683157 a multiple of 46?
False
Is 448344 a multiple of 8?
True
Is 252 a factor of 377812?
False
Is 7420563 a multiple of 31?
True
Is 25 a factor of 76350?
True
Is 1400 a multiple of 28?
True
Is 273 a factor of 3822?
True
Is 8043165 a multiple of 45?
True
Is 67 a factor of 664238?
True
Does 18 divide 584452?
False
Does 4 divide 13521?
False
Is 9 a factor of 1578?
False
Is 156 a factor of 801840?
True
Is 318634 a multiple of 626?
True
Does 19 divide 6970924?
False
Is 17750490 a multiple of 1410?
True
Is 161028 a multiple of 21?
True
Is 1357 a factor of 502090?
True
Is 16 a factor of 613982?
False
Does 18 divide 2297576?
False
Does 172 divide 923944?
False
Is 113 a factor of 7413817?
True
Is 6564301 a multiple of 9?
False
Does 9 divide 5896?
False
Is 586919 a multiple of 6?
False
Is 16182 a multiple of 261?
True
Is 104 a factor of 192920?
True
Is 5824 a multiple of 9?
False
Is 5154048 a multiple of 24?
True
Is 4401492 a multiple of 119?
False
Is 5 a factor of 52288?
False
Is 23936 a multiple of 132?
False
Is 7090590 a multiple of 348?
False
Is 6 a factor of 5362210?
False
Is 7871803 a multiple of 83?
True
Is 488 a factor of 1045784?
True
Is 94 a factor of 321198?
True
Does 45 divide 3188938?
False
Is 210 a factor of 1591918?
False
Is 7391574 a multiple of 486?
True
Does 193 divide 352041?
False
Is 82 a factor of 419779?
False
Is 11 a factor of 126430?
False
Does 35 divide 1566714?
False
Does 759 divide 409101?
True
Is 22 a factor of 19915?
False
Does 591 divide 85695?
True
Is 292377 a multiple of 9?
False
Is 1690155 a multiple of 69?
True
Is 4980352 a multiple of 832?
True
Does 282 divide 182393?
False
Is 5349115 a multiple of 144?
False
Is 34864 a multiple of 3?
False
Does 169 divide 478397?
False
Does 228 divide 251212?
False
Is 1006 a factor of 615434?
False
Is 561990 a multiple of 143?
True
Is 4724160 a multiple of 48?
True
Does 86 divide 56158?
True
Is 281072 a multiple of 8?
True
Does 454 divide 3046794?
True
Is 64504 a multiple of 22?
True
Is 1254670 a multiple of 24?
False
Is 1045 a factor of 4873085?
False
Is 11 a factor of 1610511?
False
Is 3 a factor of 2779450?
False
Is 318640 a multiple of 4?
True
Is 458965 a multiple of 115?
True
Is 76 a factor of 1132700?
False
Is 59 a factor of 2323302?
True
Is 173 a factor of 93461?
False
Is 38824 a multiple of 184?
True
Does 335 divide 2091812?
False
Is 5501 a multiple of 6?
False
Does 148 divide 25957?
False
Does 18 divide 1666044?
True
Does 18 divide 459252?
True
Is 18371052 a multiple of 28?
True
Is 579828 a multiple of 422?
True
Does 27 divide 6327882?
True
Does 63 divide 1799388?
False
Is 2279565 a multiple of 537?
True
Is 404470 a multiple of 110?
True
Does 4 divide 26969?
False
Is 10 a factor of 2250?
True
Does 268 divide 555296?
True
Is 216363 a multiple of 21?
True
Is 77999 a multiple of 29?
False
Is 22274 a multiple of 36?
False
Is 17 a factor of 5810?
False
Does 7 divide 1723932?
True
Is 72862 a multiple of 34?
True
Is 573304 a multiple of 8?
True
Is 2322